{"id":2,"date":"2018-03-11T17:41:36","date_gmt":"2018-03-11T16:41:36","guid":{"rendered":"http:\/\/llp.cz\/lidiligy\/?page_id=2"},"modified":"2018-07-23T15:44:52","modified_gmt":"2018-07-23T13:44:52","slug":"klub-pratel","status":"publish","type":"page","link":"https:\/\/llp.cz\/lidiligy\/","title":{"rendered":"Klub p\u0159\u00e1tel"},"content":{"rendered":"<p>[et_pb_section fb_built=&#8220;1&#8243; _builder_version=&#8220;3.0.92&#8243; background_image=&#8220;http:\/\/llp.cz\/lidiligy\/wp-content\/uploads\/sites\/6\/2018\/03\/homepage-hands.jpg&#8220; background_position=&#8220;bottom_center&#8220; custom_margin=&#8220;|||&#8220; custom_margin_last_edited=&#8220;on|desktop&#8220; custom_padding=&#8220;130px||130px|&#8220;][et_pb_row use_custom_width=&#8220;on&#8220; width_unit=&#8220;off&#8220; custom_width_percent=&#8220;90%&#8220; use_custom_gutter=&#8220;on&#8220; gutter_width=&#8220;1&#8243; _builder_version=&#8220;3.0.92&#8243;][et_pb_column type=&#8220;3_4&#8243; _builder_version=&#8220;3.0.92&#8243; parallax=&#8220;off&#8220; parallax_method=&#8220;on&#8220;][et_pb_text background_layout=&#8220;dark&#8220; _builder_version=&#8220;3.0.92&#8243; text_font=&#8220;||||||||&#8220; header_font=&#8220;|700|||||||&#8220; header_text_align=&#8220;center&#8220; header_font_size=&#8220;65px&#8220; header_line_height=&#8220;1.2em&#8220; header_text_shadow_style=&#8220;preset3&#8243; header_text_shadow_blur_strength=&#8220;0em&#8220;]<\/p>\n<h1 style=\"text-align: center;\"><span style=\"color: #ffffff;\">JESTLI V\u011a\u0158\u00cd\u0160 TOMU, \u017dE NEB\u00ddT LHOSTEJN\u00dd M\u00c1 SMYSL, P\u0158IDEJ SE K N\u00c1M<\/span><\/h1>\n<p>[\/et_pb_text][et_pb_button button_url=&#8220;http:\/\/llp.cz\/lidiligy\/prihlaska\/&#8220; button_text=&#8220;P\u0158IHL\u00c1SIT SE&#8220; button_alignment=&#8220;center&#8220; background_layout=&#8220;dark&#8220; _builder_version=&#8220;3.0.92&#8243; custom_margin=&#8220;|||&#8220; custom_padding=&#8220;|||&#8220; custom_button=&#8220;on&#8220; button_text_size=&#8220;30px&#8220; button_border_width=&#8220;3px&#8220; button_border_radius=&#8220;10px&#8220; button_font=&#8220;|600|||||||&#8220; button_use_icon=&#8220;off&#8220; button_text_shadow_style=&#8220;preset3&#8243; box_shadow_style=&#8220;preset1&#8243;][\/et_pb_button][\/et_pb_column][et_pb_column type=&#8220;1_4&#8243; _builder_version=&#8220;3.0.92&#8243; parallax=&#8220;off&#8220; parallax_method=&#8220;on&#8220;][et_pb_image src=&#8220;http:\/\/llp.cz\/lidiligy\/wp-content\/uploads\/sites\/6\/2018\/03\/lidi_ligy_bile.png&#8220; _builder_version=&#8220;3.0.92&#8243; max_width=&#8220;60%&#8220; module_alignment=&#8220;left&#8220; custom_padding=&#8220;|||&#8220;][\/et_pb_image][\/et_pb_column][\/et_pb_row][\/et_pb_section][et_pb_section fb_built=&#8220;1&#8243; fullwidth=&#8220;on&#8220; _builder_version=&#8220;3.0.92&#8243;][et_pb_fullwidth_header header_scroll_down=&#8220;on&#8220; scroll_down_icon_color=&#8220;#ffffff&#8220; _builder_version=&#8220;3.0.92&#8243; custom_margin=&#8220;0px||0px|&#8220; custom_padding=&#8220;0px||0px|&#8220;][\/et_pb_fullwidth_header][\/et_pb_section][et_pb_section fb_built=&#8220;1&#8243; _builder_version=&#8220;3.0.92&#8243; custom_padding=&#8220;25px||25px|&#8220;][et_pb_row custom_padding=&#8220;||0px|&#8220; custom_margin=&#8220;0px||0px|&#8220; _builder_version=&#8220;3.0.92&#8243;][et_pb_column type=&#8220;4_4&#8243; _builder_version=&#8220;3.0.47&#8243; parallax=&#8220;off&#8220; parallax_method=&#8220;on&#8220;][et_pb_text _builder_version=&#8220;3.0.92&#8243; text_font=&#8220;||||||||&#8220; link_font=&#8220;||||||||&#8220; header_font=&#8220;||||||||&#8220; custom_margin=&#8220;|||&#8220; custom_padding=&#8220;|||&#8220;]<\/p>\n<h1 style=\"text-align: center;\">Jak\u00e9 jsou d\u016fvody lid\u00ed, kte\u0159\u00ed n\u00e1m u\u017e pom\u00e1haj\u00ed?<\/h1>\n<p>[\/et_pb_text][\/et_pb_column][\/et_pb_row][et_pb_row use_custom_width=&#8220;on&#8220; width_unit=&#8220;off&#8220; custom_width_percent=&#8220;95%&#8220; use_custom_gutter=&#8220;on&#8220; gutter_width=&#8220;1&#8243; custom_padding=&#8220;||0px|&#8220; custom_margin=&#8220;|||&#8220; make_equal=&#8220;on&#8220; _builder_version=&#8220;3.0.92&#8243; module_alignment=&#8220;center&#8220;][et_pb_column type=&#8220;1_4&#8243; _builder_version=&#8220;3.0.47&#8243; parallax=&#8220;off&#8220; parallax_method=&#8220;on&#8220;][et_pb_image src=&#8220;http:\/\/llp.cz\/lidiligy\/wp-content\/uploads\/sites\/6\/2018\/03\/Soukenik.png&#8220; _builder_version=&#8220;3.0.92&#8243; custom_margin=&#8220;0px|0px|0px|0px&#8220; custom_padding=&#8220;0px|0px|0px|0px&#8220;][\/et_pb_image][\/et_pb_column][et_pb_column type=&#8220;1_4&#8243; _builder_version=&#8220;3.0.47&#8243; parallax=&#8220;off&#8220; parallax_method=&#8220;on&#8220;][et_pb_image src=&#8220;http:\/\/llp.cz\/lidiligy\/wp-content\/uploads\/sites\/6\/2018\/03\/Bird.png&#8220; _builder_version=&#8220;3.0.92&#8243;][\/et_pb_image][\/et_pb_column][et_pb_column type=&#8220;1_4&#8243; _builder_version=&#8220;3.0.47&#8243; parallax=&#8220;off&#8220; parallax_method=&#8220;on&#8220;][et_pb_image src=&#8220;http:\/\/llp.cz\/lidiligy\/wp-content\/uploads\/sites\/6\/2018\/03\/Melkova.png&#8220; _builder_version=&#8220;3.0.92&#8243;][\/et_pb_image][\/et_pb_column][et_pb_column type=&#8220;1_4&#8243; _builder_version=&#8220;3.0.47&#8243; parallax=&#8220;off&#8220; parallax_method=&#8220;on&#8220;][et_pb_image src=&#8220;http:\/\/llp.cz\/lidiligy\/wp-content\/uploads\/sites\/6\/2018\/03\/Tehrani.png&#8220; _builder_version=&#8220;3.0.92&#8243;][\/et_pb_image][\/et_pb_column][\/et_pb_row][et_pb_row use_custom_width=&#8220;on&#8220; width_unit=&#8220;off&#8220; custom_width_percent=&#8220;95%&#8220; use_custom_gutter=&#8220;on&#8220; gutter_width=&#8220;1&#8243; make_equal=&#8220;on&#8220; _builder_version=&#8220;3.0.92&#8243; module_alignment=&#8220;center&#8220;][et_pb_column type=&#8220;1_4&#8243; _builder_version=&#8220;3.0.47&#8243; parallax=&#8220;off&#8220; parallax_method=&#8220;on&#8220;][et_pb_image src=&#8220;http:\/\/llp.cz\/lidiligy\/wp-content\/uploads\/sites\/6\/2018\/03\/Nott.png&#8220; _builder_version=&#8220;3.0.92&#8243; custom_margin=&#8220;0px|0px|0px|0px&#8220; custom_padding=&#8220;0px|0px|0px|0px&#8220;][\/et_pb_image][\/et_pb_column][et_pb_column type=&#8220;1_4&#8243; _builder_version=&#8220;3.0.47&#8243; parallax=&#8220;off&#8220; parallax_method=&#8220;on&#8220;][et_pb_image src=&#8220;http:\/\/llp.cz\/lidiligy\/wp-content\/uploads\/sites\/6\/2018\/03\/Dartova.png&#8220; _builder_version=&#8220;3.0.92&#8243;][\/et_pb_image][\/et_pb_column][et_pb_column type=&#8220;1_4&#8243; _builder_version=&#8220;3.0.47&#8243; parallax=&#8220;off&#8220; parallax_method=&#8220;on&#8220;][et_pb_image src=&#8220;http:\/\/llp.cz\/lidiligy\/wp-content\/uploads\/sites\/6\/2018\/03\/Vlk.png&#8220; _builder_version=&#8220;3.0.92&#8243;][\/et_pb_image][\/et_pb_column][et_pb_column type=&#8220;1_4&#8243; _builder_version=&#8220;3.0.47&#8243; parallax=&#8220;off&#8220; parallax_method=&#8220;on&#8220;][et_pb_image src=&#8220;http:\/\/llp.cz\/lidiligy\/wp-content\/uploads\/sites\/6\/2018\/03\/Tomoszek.png&#8220; _builder_version=&#8220;3.0.92&#8243;][\/et_pb_image][\/et_pb_column][\/et_pb_row][\/et_pb_section][et_pb_section fb_built=&#8220;1&#8243; fullwidth=&#8220;on&#8220; _builder_version=&#8220;3.0.92&#8243;][et_pb_fullwidth_header header_scroll_down=&#8220;on&#8220; scroll_down_icon_color=&#8220;#000000&#8243; _builder_version=&#8220;3.0.92&#8243; custom_margin=&#8220;|||&#8220; custom_padding=&#8220;||0px|&#8220;][\/et_pb_fullwidth_header][\/et_pb_section][et_pb_section fb_built=&#8220;1&#8243; background_color=&#8220;#0c71c3&#8243; _builder_version=&#8220;3.0.92&#8243; custom_margin=&#8220;|||&#8220; custom_padding=&#8220;0px||0px|&#8220;][et_pb_row use_custom_width=&#8220;on&#8220; width_unit=&#8220;off&#8220; custom_width_percent=&#8220;95%&#8220; use_custom_gutter=&#8220;on&#8220; gutter_width=&#8220;2&#8243; make_equal=&#8220;on&#8220; _builder_version=&#8220;3.0.92&#8243;][et_pb_column type=&#8220;1_4&#8243; _builder_version=&#8220;3.0.92&#8243; parallax=&#8220;off&#8220; parallax_method=&#8220;on&#8220;][et_pb_text background_layout=&#8220;dark&#8220; _builder_version=&#8220;3.0.92&#8243; text_font=&#8220;||||||||&#8220; link_font=&#8220;||||||||&#8220; header_font=&#8220;||||||||&#8220; custom_margin=&#8220;|||&#8220; custom_padding=&#8220;|||&#8220;]<\/p>\n<h1>Pro\u010d jsou pro n\u00e1s dary tak d\u016fle\u017eit\u00e9?<\/h1>\n<p>[\/et_pb_text][et_pb_text background_layout=&#8220;dark&#8220; _builder_version=&#8220;3.0.92&#8243; text_font=&#8220;||||||||&#8220; text_font_size=&#8220;17px&#8220; text_line_height=&#8220;1.4em&#8220; link_font=&#8220;||||||||&#8220; header_font=&#8220;||||||||&#8220; custom_margin=&#8220;|||&#8220; custom_padding=&#8220;|||&#8220;]<\/p>\n<p style=\"text-align: left;\">Individu\u00e1ln\u00ed d\u00e1rci n\u00e1m umo\u017e\u0148uj\u00ed fungovat <span style=\"color: #edf000;\"><strong>nez\u00e1visle<\/strong> <\/span>a <span style=\"color: #edf000;\"><strong>nestrann\u011b<\/strong><\/span>. Nechceme b\u00fdt odk\u00e1z\u00e1ni pouze na libov\u016fli vl\u00e1d a velk\u00fdch instituc\u00ed poskytuj\u00edc\u00edch granty a dotace.<\/p>\n<p>Va\u0161e <a href=\"prihlaska\/\"><span style=\"text-decoration: underline; color: #ffff00;\"><strong>pravideln\u00e1 podpora<\/strong><\/span><\/a> n\u00e1m tak\u00e9 pom\u016f\u017ee l\u00e9pe pl\u00e1novat na\u0161e aktivity a koncep\u010dn\u011bj\u0161\u00ed a dlouhodob\u011bj\u0161\u00ed pr\u00e1ci.\u00a0Nen\u00ed mal\u00fdch dar\u016f &#8211; v\u00e1\u017e\u00edme si ka\u017ed\u00e9ho p\u0159\u00edsp\u011bvku.<\/p>\n<h5><\/h5>\n<p>[\/et_pb_text][\/et_pb_column][et_pb_column type=&#8220;1_4&#8243; _builder_version=&#8220;3.0.92&#8243; parallax=&#8220;off&#8220; parallax_method=&#8220;on&#8220;][et_pb_text background_layout=&#8220;dark&#8220; _builder_version=&#8220;3.0.92&#8243; text_font=&#8220;||||||||&#8220; link_font=&#8220;||||||||&#8220; header_font=&#8220;||||||||&#8220; custom_margin=&#8220;|||&#8220; custom_padding=&#8220;|||&#8220;]<\/p>\n<h1 style=\"text-align: left;\">Jak va\u0161e pen\u00edze vyu\u017e\u00edv\u00e1me?<\/h1>\n<p>[\/et_pb_text][et_pb_number_counter title=&#8220;Obrana lidsk\u00fdch pr\u00e1v v \u010cesku&#8220; number=&#8220;75&#8243; background_layout=&#8220;dark&#8220; _builder_version=&#8220;3.0.92&#8243; title_level=&#8220;h4&#8243; title_font=&#8220;||||||||&#8220; number_font=&#8220;||||||||&#8220; number_text_color=&#8220;#edf000&#8243; text_orientation=&#8220;left&#8220; custom_margin=&#8220;||15px|&#8220; custom_padding=&#8220;|||&#8220;][\/et_pb_number_counter][et_pb_number_counter title=&#8220;Organizace pomoci a rozvoj&#8220; number=&#8220;25&#8243; background_layout=&#8220;dark&#8220; _builder_version=&#8220;3.0.92&#8243; title_level=&#8220;h4&#8243; title_font=&#8220;||||||||&#8220; number_font=&#8220;||||||||&#8220; number_text_color=&#8220;#edf000&#8243; text_orientation=&#8220;left&#8220; custom_margin=&#8220;|||&#8220; custom_padding=&#8220;|||&#8220;][\/et_pb_number_counter][\/et_pb_column][et_pb_column type=&#8220;1_4&#8243; _builder_version=&#8220;3.0.92&#8243; parallax=&#8220;off&#8220; parallax_method=&#8220;on&#8220;][et_pb_text background_layout=&#8220;dark&#8220; _builder_version=&#8220;3.0.92&#8243; text_font=&#8220;||||||||&#8220; link_font=&#8220;||||||||&#8220; header_font=&#8220;||||||||&#8220; custom_margin=&#8220;|||&#8220; custom_padding=&#8220;|||&#8220;]<\/p>\n<h1 style=\"text-align: left;\">Jak n\u00e1s m\u016f\u017eete snadno podpo\u0159it?<\/h1>\n<p>[\/et_pb_text][et_pb_text background_layout=&#8220;dark&#8220; _builder_version=&#8220;3.0.92&#8243; text_font=&#8220;||||||||&#8220; text_font_size=&#8220;17px&#8220; text_line_height=&#8220;1.4em&#8220; link_font=&#8220;||||||||&#8220; header_font=&#8220;||||||||&#8220; custom_margin=&#8220;|||&#8220; custom_padding=&#8220;|||&#8220;]<\/p>\n<p style=\"text-align: left;\">Sta\u0148te se \u010dlenem klubu Lidi Ligy a <span style=\"text-decoration: underline; color: #edf000;\"><strong><a style=\"color: #edf000; text-decoration: underline;\" href=\"prihlaska\/\">podporujte n\u00e1s pravideln\u011b<\/a><\/strong><\/span> v na\u0161ich dlouhodob\u00fdch z\u00e1m\u011brech.<\/p>\n<p style=\"text-align: left;\">M\u016f\u017eete tak\u00e9 <a href=\"http:\/\/llp.cz\/lidiligy\/kampane\/\" target=\"_blank\" rel=\"noopener noreferrer\"><span style=\"color: #ffff00;\"><span style=\"text-decoration: underline;\"><strong>podpo\u0159it jednor\u00e1zov\u011b<\/strong><\/span> <\/span><\/a>n\u011bkterou z na\u0161ich kampan\u00ed.<\/p>\n<p style=\"text-align: left;\">Nemus\u00edte n\u00e1m pomoci pouze finan\u010dn\u011b, p\u0159iv\u00edt\u00e1me od v\u00e1s r\u00e1di tak\u00e9 <span style=\"text-decoration: underline;\"><strong><span style=\"color: #edf000; text-decoration: underline;\"><a style=\"color: #edf000; text-decoration: underline;\" href=\"http:\/\/llp.cz\/zapojte-se\/dobrovolnici\/\">dobrovolnickou pomoc<\/a><\/span><\/strong><\/span>, nab\u00eddku slu\u017eeb, slevy na zbo\u017e\u00ed, nebo v\u011bcn\u00e9 dary.<\/p>\n<p>[\/et_pb_text][\/et_pb_column][et_pb_column type=&#8220;1_4&#8243; _builder_version=&#8220;3.0.92&#8243; parallax=&#8220;off&#8220; parallax_method=&#8220;on&#8220;][et_pb_text background_layout=&#8220;dark&#8220; _builder_version=&#8220;3.0.92&#8243; text_font=&#8220;||||||||&#8220; link_font=&#8220;||||||||&#8220; header_font=&#8220;||||||||&#8220; custom_margin=&#8220;|||&#8220; custom_padding=&#8220;|||&#8220;]<\/p>\n<h1 style=\"text-align: left;\">5 d\u016fvod\u016f, pro\u010d se st\u00e1t \u010dlenem LidiLigy:<\/h1>\n<p>[\/et_pb_text][et_pb_text background_layout=&#8220;dark&#8220; _builder_version=&#8220;3.0.92&#8243; text_font=&#8220;||||||||&#8220; text_font_size=&#8220;17px&#8220; text_line_height=&#8220;1.4em&#8220; link_font=&#8220;||||||||&#8220; header_font=&#8220;||||||||&#8220; custom_margin=&#8220;|||&#8220; custom_padding=&#8220;|||&#8220;]<\/p>\n<ul>\n<li style=\"text-align: left;\">Pom\u00e1h\u00e1te\u00a0<span style=\"color: #edf000;\"><strong>h\u00e1jit pr\u00e1va<\/strong><\/span> d\u011bt\u00ed, lid\u00ed s posti\u017een\u00edm \u010di pacient\u016f<\/li>\n<li style=\"text-align: left;\">Budete pr\u016fb\u011b\u017en\u011b v\u011bd\u011bt,\u00a0jak\u00a0va\u0161e pen\u00edze pom\u00e1haj\u00ed<\/li>\n<li style=\"text-align: left;\"><span style=\"color: #ebef00;\"><strong>Nebojte se z\u00e1vazk\u016f<\/strong><\/span> &#8211; trval\u00fd p\u0159\u00edkaz jde snadno zru\u0161it<\/li>\n<li style=\"text-align: left;\">Vystav\u00edme v\u00e1m <span style=\"color: #edf000;\"><strong>potvrzen\u00ed o daru<\/strong><\/span> pro odpo\u010det z dan\u00ed<\/li>\n<li style=\"text-align: left;\">Komunitu d\u00e1rc\u016f zveme na <span style=\"color: #ebef00;\"><strong>zaj\u00edmav\u00e9 akce<\/strong><\/span>, nap\u0159. festival Jeden sv\u011bt<\/li>\n<\/ul>\n<p>[\/et_pb_text][\/et_pb_column][\/et_pb_row][\/et_pb_section]<\/p>\n","protected":false},"excerpt":{"rendered":"<p>JESTLI V\u011a\u0158\u00cd\u0160 TOMU, \u017dE NEB\u00ddT LHOSTEJN\u00dd M\u00c1 SMYSL, P\u0158IDEJ SE K N\u00c1M Jak\u00e9 jsou d\u016fvody lid\u00ed, kte\u0159\u00ed n\u00e1m u\u017e pom\u00e1haj\u00ed? Pro\u010d jsou pro n\u00e1s dary tak d\u016fle\u017eit\u00e9? Individu\u00e1ln\u00ed d\u00e1rci n\u00e1m umo\u017e\u0148uj\u00ed fungovat nez\u00e1visle a nestrann\u011b. Nechceme b\u00fdt odk\u00e1z\u00e1ni pouze na libov\u016fli vl\u00e1d a velk\u00fdch instituc\u00ed poskytuj\u00edc\u00edch granty a dotace. Va\u0161e pravideln\u00e1 podpora n\u00e1m tak\u00e9 pom\u016f\u017ee [&hellip;]<\/p>\n","protected":false},"author":2,"featured_media":0,"parent":0,"menu_order":0,"comment_status":"closed","ping_status":"closed","template":"","meta":{"_et_pb_use_builder":"on","_et_pb_old_content":"","_et_gb_content_width":"","footnotes":""},"class_list":["post-2","page","type-page","status-publish","hentry"],"yoast_head":"<!-- This site is optimized with the Yoast SEO plugin v27.5 - https:\/\/yoast.com\/product\/yoast-seo-wordpress\/ -->\n<title>Klub p\u0159\u00e1tel - LidiLigy<\/title>\n<meta name=\"robots\" content=\"index, follow, max-snippet:-1, max-image-preview:large, max-video-preview:-1\" \/>\n<link rel=\"canonical\" href=\"https:\/\/llp.cz\/lidiligy\/\" \/>\n<meta property=\"og:locale\" content=\"cs_CZ\" \/>\n<meta property=\"og:type\" content=\"article\" \/>\n<meta property=\"og:title\" content=\"Klub p\u0159\u00e1tel - LidiLigy\" \/>\n<meta property=\"og:description\" content=\"JESTLI V\u011a\u0158\u00cd\u0160 TOMU, \u017dE NEB\u00ddT LHOSTEJN\u00dd M\u00c1 SMYSL, P\u0158IDEJ SE K N\u00c1M Jak\u00e9 jsou d\u016fvody lid\u00ed, kte\u0159\u00ed n\u00e1m u\u017e pom\u00e1haj\u00ed? Pro\u010d jsou pro n\u00e1s dary tak d\u016fle\u017eit\u00e9? Individu\u00e1ln\u00ed d\u00e1rci n\u00e1m umo\u017e\u0148uj\u00ed fungovat nez\u00e1visle a nestrann\u011b. Nechceme b\u00fdt odk\u00e1z\u00e1ni pouze na libov\u016fli vl\u00e1d a velk\u00fdch instituc\u00ed poskytuj\u00edc\u00edch granty a dotace. Va\u0161e pravideln\u00e1 podpora n\u00e1m tak\u00e9 pom\u016f\u017ee [&hellip;]\" \/>\n<meta property=\"og:url\" content=\"https:\/\/llp.cz\/lidiligy\/\" \/>\n<meta property=\"og:site_name\" content=\"LidiLigy\" \/>\n<meta property=\"article:modified_time\" content=\"2018-07-23T13:44:52+00:00\" \/>\n<meta name=\"twitter:card\" content=\"summary_large_image\" \/>\n<meta name=\"twitter:label1\" content=\"Odhadovan\u00e1 doba \u010dten\u00ed\" \/>\n\t<meta name=\"twitter:data1\" content=\"7 minut\" \/>\n<script type=\"application\/ld+json\" class=\"yoast-schema-graph\">{\"@context\":\"https:\\\/\\\/schema.org\",\"@graph\":[{\"@type\":\"WebPage\",\"@id\":\"https:\\\/\\\/llp.cz\\\/lidiligy\\\/\",\"url\":\"https:\\\/\\\/llp.cz\\\/lidiligy\\\/\",\"name\":\"Klub p\u0159\u00e1tel - LidiLigy\",\"isPartOf\":{\"@id\":\"https:\\\/\\\/llp.cz\\\/lidiligy\\\/#website\"},\"datePublished\":\"2018-03-11T16:41:36+00:00\",\"dateModified\":\"2018-07-23T13:44:52+00:00\",\"breadcrumb\":{\"@id\":\"https:\\\/\\\/llp.cz\\\/lidiligy\\\/#breadcrumb\"},\"inLanguage\":\"cs\",\"potentialAction\":[{\"@type\":\"ReadAction\",\"target\":[\"https:\\\/\\\/llp.cz\\\/lidiligy\\\/\"]}]},{\"@type\":\"BreadcrumbList\",\"@id\":\"https:\\\/\\\/llp.cz\\\/lidiligy\\\/#breadcrumb\",\"itemListElement\":[{\"@type\":\"ListItem\",\"position\":1,\"name\":\"Dom\u016f\",\"item\":\"https:\\\/\\\/llp.cz\\\/lidiligy\\\/\"},{\"@type\":\"ListItem\",\"position\":2,\"name\":\"Klub p\u0159\u00e1tel\"}]},{\"@type\":\"WebSite\",\"@id\":\"https:\\\/\\\/llp.cz\\\/lidiligy\\\/#website\",\"url\":\"https:\\\/\\\/llp.cz\\\/lidiligy\\\/\",\"name\":\"LidiLigy\",\"description\":\"Klub p\u0159\u00e1tel Ligy lidsk\u00fdch pr\u00e1v\",\"potentialAction\":[{\"@type\":\"SearchAction\",\"target\":{\"@type\":\"EntryPoint\",\"urlTemplate\":\"https:\\\/\\\/llp.cz\\\/lidiligy\\\/?s={search_term_string}\"},\"query-input\":{\"@type\":\"PropertyValueSpecification\",\"valueRequired\":true,\"valueName\":\"search_term_string\"}}],\"inLanguage\":\"cs\"}]}<\/script>\n<!-- \/ Yoast SEO plugin. -->","yoast_head_json":{"title":"Klub p\u0159\u00e1tel - LidiLigy","robots":{"index":"index","follow":"follow","max-snippet":"max-snippet:-1","max-image-preview":"max-image-preview:large","max-video-preview":"max-video-preview:-1"},"canonical":"https:\/\/llp.cz\/lidiligy\/","og_locale":"cs_CZ","og_type":"article","og_title":"Klub p\u0159\u00e1tel - LidiLigy","og_description":"JESTLI V\u011a\u0158\u00cd\u0160 TOMU, \u017dE NEB\u00ddT LHOSTEJN\u00dd M\u00c1 SMYSL, P\u0158IDEJ SE K N\u00c1M Jak\u00e9 jsou d\u016fvody lid\u00ed, kte\u0159\u00ed n\u00e1m u\u017e pom\u00e1haj\u00ed? Pro\u010d jsou pro n\u00e1s dary tak d\u016fle\u017eit\u00e9? Individu\u00e1ln\u00ed d\u00e1rci n\u00e1m umo\u017e\u0148uj\u00ed fungovat nez\u00e1visle a nestrann\u011b. Nechceme b\u00fdt odk\u00e1z\u00e1ni pouze na libov\u016fli vl\u00e1d a velk\u00fdch instituc\u00ed poskytuj\u00edc\u00edch granty a dotace. Va\u0161e pravideln\u00e1 podpora n\u00e1m tak\u00e9 pom\u016f\u017ee [&hellip;]","og_url":"https:\/\/llp.cz\/lidiligy\/","og_site_name":"LidiLigy","article_modified_time":"2018-07-23T13:44:52+00:00","twitter_card":"summary_large_image","twitter_misc":{"Odhadovan\u00e1 doba \u010dten\u00ed":"7 minut"},"schema":{"@context":"https:\/\/schema.org","@graph":[{"@type":"WebPage","@id":"https:\/\/llp.cz\/lidiligy\/","url":"https:\/\/llp.cz\/lidiligy\/","name":"Klub p\u0159\u00e1tel - LidiLigy","isPartOf":{"@id":"https:\/\/llp.cz\/lidiligy\/#website"},"datePublished":"2018-03-11T16:41:36+00:00","dateModified":"2018-07-23T13:44:52+00:00","breadcrumb":{"@id":"https:\/\/llp.cz\/lidiligy\/#breadcrumb"},"inLanguage":"cs","potentialAction":[{"@type":"ReadAction","target":["https:\/\/llp.cz\/lidiligy\/"]}]},{"@type":"BreadcrumbList","@id":"https:\/\/llp.cz\/lidiligy\/#breadcrumb","itemListElement":[{"@type":"ListItem","position":1,"name":"Dom\u016f","item":"https:\/\/llp.cz\/lidiligy\/"},{"@type":"ListItem","position":2,"name":"Klub p\u0159\u00e1tel"}]},{"@type":"WebSite","@id":"https:\/\/llp.cz\/lidiligy\/#website","url":"https:\/\/llp.cz\/lidiligy\/","name":"LidiLigy","description":"Klub p\u0159\u00e1tel Ligy lidsk\u00fdch pr\u00e1v","potentialAction":[{"@type":"SearchAction","target":{"@type":"EntryPoint","urlTemplate":"https:\/\/llp.cz\/lidiligy\/?s={search_term_string}"},"query-input":{"@type":"PropertyValueSpecification","valueRequired":true,"valueName":"search_term_string"}}],"inLanguage":"cs"}]}},"_links":{"self":[{"href":"https:\/\/llp.cz\/lidiligy\/wp-json\/wp\/v2\/pages\/2","targetHints":{"allow":["GET"]}}],"collection":[{"href":"https:\/\/llp.cz\/lidiligy\/wp-json\/wp\/v2\/pages"}],"about":[{"href":"https:\/\/llp.cz\/lidiligy\/wp-json\/wp\/v2\/types\/page"}],"author":[{"embeddable":true,"href":"https:\/\/llp.cz\/lidiligy\/wp-json\/wp\/v2\/users\/2"}],"replies":[{"embeddable":true,"href":"https:\/\/llp.cz\/lidiligy\/wp-json\/wp\/v2\/comments?post=2"}],"version-history":[{"count":36,"href":"https:\/\/llp.cz\/lidiligy\/wp-json\/wp\/v2\/pages\/2\/revisions"}],"predecessor-version":[{"id":221,"href":"https:\/\/llp.cz\/lidiligy\/wp-json\/wp\/v2\/pages\/2\/revisions\/221"}],"wp:attachment":[{"href":"https:\/\/llp.cz\/lidiligy\/wp-json\/wp\/v2\/media?parent=2"}],"curies":[{"name":"wp","href":"https:\/\/api.w.org\/{rel}","templated":true}]}}