{"id":164,"date":"2018-03-13T21:56:52","date_gmt":"2018-03-13T20:56:52","guid":{"rendered":"http:\/\/llp.cz\/lidiligy\/?page_id=164"},"modified":"2018-03-14T14:11:56","modified_gmt":"2018-03-14T13:11:56","slug":"prihlaska","status":"publish","type":"page","link":"https:\/\/llp.cz\/lidiligy\/prihlaska\/","title":{"rendered":"P\u0159ihl\u00e1\u0161ka"},"content":{"rendered":"<p>[et_pb_section fb_built=&#8220;1&#8243; background_color=&#8220;rgba(12,113,195,0.1)&#8220; use_custom_width=&#8220;on&#8220; width_unit=&#8220;off&#8220; custom_width_percent=&#8220;60%&#8220; make_equal=&#8220;on&#8220; use_custom_gutter=&#8220;on&#8220; gutter_width=&#8220;2&#8243; specialty=&#8220;on&#8220; _builder_version=&#8220;3.0.92&#8243; custom_padding=&#8220;54px|0px|269px|0px&#8220;][et_pb_column type=&#8220;1_2&#8243; _builder_version=&#8220;3.0.47&#8243;][et_pb_contact_form captcha=&#8220;off&#8220; email=&#8220;lidiligy@llp.cz&#8220; title=&#8220;P\u0159ihl\u00e1sit se do klubu p\u0159\u00e1tel LidiLigy&#8220; custom_message=&#8220;Jm\u00e9no: %%Name%%||et_pb_line_break_holder||P\u0159\u00edjmen\u00ed: %%Surname%%||et_pb_line_break_holder||Email: %%Email%%||et_pb_line_break_holder||Telefon: %%Phone%%||et_pb_line_break_holder||Ulice a \u010d\u00edslo popisn\u00e9: %%Address%%||et_pb_line_break_holder||M\u011bsto: %%City%%||et_pb_line_break_holder||PS\u010c: %%ZIP%%||et_pb_line_break_holder||Chci darovat \u010d\u00e1stku: %%Value%%||et_pb_line_break_holder||Jak \u010dasto: %%Frequency%%&#8220; success_message=&#8220;Va\u0161e p\u0159ihl\u00e1\u0161ka byla \u00fasp\u011b\u0161n\u011b odesl\u00e1na. Brzy se ozveme s dal\u0161\u00edmi informacemi.&#8220; submit_button_text=&#8220;Odeslat p\u0159ihl\u00e1\u0161ku&#8220; form_background_color=&#8220;#ffffff&#8220; disabled_on=&#8220;off|off|off&#8220; module_id=&#8220;et_pb_contact_form_0&#8243; _builder_version=&#8220;3.0.92&#8243; title_font=&#8220;||||||||&#8220; title_text_color=&#8220;#000000&#8243; form_field_font=&#8220;||||||||&#8220; form_field_font_size=&#8220;20px&#8220; form_field_text_color=&#8220;rgba(0,0,0,0.6)&#8220; custom_button=&#8220;on&#8220; button_font=&#8220;||||||||&#8220; button_on_hover=&#8220;off&#8220; button_text_color_hover=&#8220;#ffffff&#8220;][et_pb_contact_field field_id=&#8220;Name&#8220; field_title=&#8220;Jm\u00e9no&#8220; _builder_version=&#8220;3.0.92&#8243; border_radii=&#8220;on||||&#8220;][\/et_pb_contact_field][et_pb_contact_field field_id=&#8220;Surname&#8220; field_title=&#8220;P\u0159\u00edjmen\u00ed&#8220; _builder_version=&#8220;3.0.92&#8243;][\/et_pb_contact_field][et_pb_contact_field field_id=&#8220;Email&#8220; field_title=&#8220;E-mailov\u00e1 adresa&#8220; field_type=&#8220;email&#8220; _builder_version=&#8220;3.0.92&#8243; border_radii=&#8220;on||||&#8220;][\/et_pb_contact_field][et_pb_contact_field field_id=&#8220;Phone&#8220; field_title=&#8220;Telefon&#8220; required_mark=&#8220;off&#8220; _builder_version=&#8220;3.0.92&#8243;][\/et_pb_contact_field][et_pb_contact_field field_id=&#8220;Address&#8220; field_title=&#8220;Ulice a \u010d\u00edslo popisn\u00e9&#8220; fullwidth_field=&#8220;on&#8220; _builder_version=&#8220;3.0.92&#8243;][\/et_pb_contact_field][et_pb_contact_field field_id=&#8220;City&#8220; field_title=&#8220;M\u011bsto&#8220; _builder_version=&#8220;3.0.92&#8243;][\/et_pb_contact_field][et_pb_contact_field field_id=&#8220;ZIP&#8220; field_title=&#8220;PS\u010c&#8220; _builder_version=&#8220;3.0.92&#8243;][\/et_pb_contact_field][et_pb_contact_field field_id=&#8220;Value&#8220; field_title=&#8220;Chci darovat \u010d\u00e1stku&#8220; field_type=&#8220;select&#8220; select_options=&#8220;%91{%22value%22:%22200%22,%22checked%22:0,%22dragID%22:0},{%22value%22:%22300%22,%22checked%22:0,%22dragID%22:1},{%22value%22:%22500%22,%22checked%22:0,%22dragID%22:2},{%22value%22:%22jinou \u010d\u00e1stku%22,%22checked%22:0,%22dragID%22:3}%93&#8243; _builder_version=&#8220;3.0.92&#8243; form_field_font=&#8220;||||||||&#8220;][\/et_pb_contact_field][et_pb_contact_field field_id=&#8220;Frequency&#8220; field_title=&#8220;Jak \u010dasto&#8220; field_type=&#8220;select&#8220; select_options=&#8220;%91{%22value%22:%22m\u011bs\u00ed\u010dn\u011b%22,%22checked%22:0,%22dragID%22:0},{%22value%22:%22\u010dtvrtletn\u011b%22,%22checked%22:0,%22dragID%22:1},{%22value%22:%22ro\u010dn\u011b%22,%22checked%22:0,%22dragID%22:2}%93&#8243; _builder_version=&#8220;3.0.92&#8243; form_field_font=&#8220;||||||||&#8220; form_field_text_color=&#8220;rgba(0,0,0,0.6)&#8220; form_field_line_height=&#8220;1em&#8220;][\/et_pb_contact_field][\/et_pb_contact_form][\/et_pb_column][et_pb_column type=&#8220;1_2&#8243; specialty_columns=&#8220;2&#8243; _builder_version=&#8220;3.0.47&#8243;][et_pb_row_inner custom_padding=&#8220;30.4844px|0px|0px|0px&#8220; _builder_version=&#8220;3.0.92&#8243;][et_pb_column_inner type=&#8220;4_4&#8243; saved_specialty_column_type=&#8220;1_2&#8243; _builder_version=&#8220;3.0.47&#8243; box_shadow_position=&#8220;outer&#8220; parallax=&#8220;off&#8220; parallax_method=&#8220;on&#8220;][et_pb_text _builder_version=&#8220;3.0.92&#8243;]<\/p>\n<h1 style=\"text-align: center;\">R\u016fzn\u00e9 d\u016fvody, jeden spole\u010dn\u00fd c\u00edl:<\/h1>\n<p>[\/et_pb_text][\/et_pb_column_inner][\/et_pb_row_inner][et_pb_row_inner custom_padding=&#8220;19px|0px|32.2188px|0px&#8220; _builder_version=&#8220;3.0.92&#8243;][et_pb_column_inner type=&#8220;1_2&#8243; saved_specialty_column_type=&#8220;1_2&#8243; _builder_version=&#8220;3.0.47&#8243; box_shadow_position=&#8220;outer&#8220; parallax=&#8220;off&#8220; parallax_method=&#8220;on&#8220;][et_pb_image src=&#8220;http:\/\/llp.cz\/lidiligy\/wp-content\/uploads\/sites\/6\/2018\/03\/jana_michalicova.png&#8220; align=&#8220;center&#8220; _builder_version=&#8220;3.0.92&#8243; max_width=&#8220;70%&#8220;][\/et_pb_image][et_pb_text _builder_version=&#8220;3.0.92&#8243;]<\/p>\n<h5 style=\"text-align: center;\"><strong><span style=\"color: #333399;\">Jana Michalicov\u00e1<\/span><\/strong><\/h5>\n<p style=\"text-align: center;\"><em>&#8222;Ligu podporuji, proto\u017ee jde o poctivou iniciativu odborn\u00edk\u016f-pr\u00e1vn\u00edk\u016f ve prosp\u011bch nespravedliv\u011b opom\u00edjen\u00fdch. Orientovat se v tom, na co m\u00e1 \u010dlov\u011bk pr\u00e1vo, a samostatn\u011b se n\u011b\u010deho domoci u \u00fa\u0159ad\u016f m\u016f\u017ee b\u00fdt probl\u00e9m.&#8220;<\/em><\/p>\n<p>[\/et_pb_text][\/et_pb_column_inner][et_pb_column_inner type=&#8220;1_2&#8243; saved_specialty_column_type=&#8220;1_2&#8243; _builder_version=&#8220;3.0.47&#8243; box_shadow_position=&#8220;outer&#8220; parallax=&#8220;off&#8220; parallax_method=&#8220;on&#8220;][et_pb_image src=&#8220;http:\/\/llp.cz\/lidiligy\/wp-content\/uploads\/sites\/6\/2018\/03\/jan_syrovy.png&#8220; align=&#8220;center&#8220; _builder_version=&#8220;3.0.92&#8243; max_width=&#8220;70%&#8220;][\/et_pb_image][et_pb_text _builder_version=&#8220;3.0.92&#8243;]<\/p>\n<h5 style=\"text-align: center;\"><span style=\"color: #333399;\"><strong>Jan Syrov\u00fd<\/strong><\/span><\/h5>\n<p style=\"text-align: center;\"><em>\u201cPracuji v soci\u00e1ln\u00edch slu\u017eb\u00e1ch. Potkal jsem mnoho lid\u00ed, v \u00fastavech, ment\u00e1ln\u011b posti\u017een\u00fdch, star\u00fdch apod. Vid\u00edm moc a bezmoc. Vid\u00edm tenkou hranici mezi moc\u00ed, pomoc\u00ed a bezmoc\u00ed. Vid\u00edm, jak lid\u00e9 i instituce nerespektuj\u00ed pr\u00e1va t\u011bch m\u00e9n\u011b mocn\u00fdch a bezmocn\u00fdch. Vad\u00ed mi to.\u201d<\/em><\/p>\n<p>[\/et_pb_text][\/et_pb_column_inner][\/et_pb_row_inner][\/et_pb_column][\/et_pb_section]<\/p>\n","protected":false},"excerpt":{"rendered":"<p>R\u016fzn\u00e9 d\u016fvody, jeden spole\u010dn\u00fd c\u00edl:Jana Michalicov\u00e1 &#8222;Ligu podporuji, proto\u017ee jde o poctivou iniciativu odborn\u00edk\u016f-pr\u00e1vn\u00edk\u016f ve prosp\u011bch nespravedliv\u011b opom\u00edjen\u00fdch. Orientovat se v tom, na co m\u00e1 \u010dlov\u011bk pr\u00e1vo, a samostatn\u011b se n\u011b\u010deho domoci u \u00fa\u0159ad\u016f m\u016f\u017ee b\u00fdt probl\u00e9m.&#8220;Jan Syrov\u00fd \u201cPracuji v soci\u00e1ln\u00edch slu\u017eb\u00e1ch. Potkal jsem mnoho lid\u00ed, v \u00fastavech, ment\u00e1ln\u011b posti\u017een\u00fdch, star\u00fdch apod. Vid\u00edm moc a [&hellip;]<\/p>\n","protected":false},"author":2,"featured_media":0,"parent":0,"menu_order":0,"comment_status":"closed","ping_status":"closed","template":"","meta":{"_et_pb_use_builder":"on","_et_pb_old_content":"","_et_gb_content_width":"","footnotes":""},"class_list":["post-164","page","type-page","status-publish","hentry"],"yoast_head":"<!-- This site is optimized with the Yoast SEO plugin v27.5 - https:\/\/yoast.com\/product\/yoast-seo-wordpress\/ -->\n<title>P\u0159ihl\u00e1\u0161ka - LidiLigy<\/title>\n<meta name=\"robots\" content=\"index, follow, max-snippet:-1, max-image-preview:large, max-video-preview:-1\" \/>\n<link rel=\"canonical\" href=\"https:\/\/llp.cz\/lidiligy\/prihlaska\/\" \/>\n<meta property=\"og:locale\" content=\"cs_CZ\" \/>\n<meta property=\"og:type\" content=\"article\" \/>\n<meta property=\"og:title\" content=\"P\u0159ihl\u00e1\u0161ka - LidiLigy\" \/>\n<meta property=\"og:description\" content=\"R\u016fzn\u00e9 d\u016fvody, jeden spole\u010dn\u00fd c\u00edl:Jana Michalicov\u00e1 &quot;Ligu podporuji, proto\u017ee jde o poctivou iniciativu odborn\u00edk\u016f-pr\u00e1vn\u00edk\u016f ve prosp\u011bch nespravedliv\u011b opom\u00edjen\u00fdch. Orientovat se v tom, na co m\u00e1 \u010dlov\u011bk pr\u00e1vo, a samostatn\u011b se n\u011b\u010deho domoci u \u00fa\u0159ad\u016f m\u016f\u017ee b\u00fdt probl\u00e9m.&quot;Jan Syrov\u00fd \u201cPracuji v soci\u00e1ln\u00edch slu\u017eb\u00e1ch. Potkal jsem mnoho lid\u00ed, v \u00fastavech, ment\u00e1ln\u011b posti\u017een\u00fdch, star\u00fdch apod. Vid\u00edm moc a [&hellip;]\" \/>\n<meta property=\"og:url\" content=\"https:\/\/llp.cz\/lidiligy\/prihlaska\/\" \/>\n<meta property=\"og:site_name\" content=\"LidiLigy\" \/>\n<meta property=\"article:modified_time\" content=\"2018-03-14T13:11:56+00:00\" \/>\n<meta name=\"twitter:card\" content=\"summary_large_image\" \/>\n<meta name=\"twitter:label1\" content=\"Odhadovan\u00e1 doba \u010dten\u00ed\" \/>\n\t<meta name=\"twitter:data1\" content=\"4 minuty\" \/>\n<script type=\"application\/ld+json\" class=\"yoast-schema-graph\">{\"@context\":\"https:\\\/\\\/schema.org\",\"@graph\":[{\"@type\":\"WebPage\",\"@id\":\"https:\\\/\\\/llp.cz\\\/lidiligy\\\/prihlaska\\\/\",\"url\":\"https:\\\/\\\/llp.cz\\\/lidiligy\\\/prihlaska\\\/\",\"name\":\"P\u0159ihl\u00e1\u0161ka - LidiLigy\",\"isPartOf\":{\"@id\":\"https:\\\/\\\/llp.cz\\\/lidiligy\\\/#website\"},\"datePublished\":\"2018-03-13T20:56:52+00:00\",\"dateModified\":\"2018-03-14T13:11:56+00:00\",\"breadcrumb\":{\"@id\":\"https:\\\/\\\/llp.cz\\\/lidiligy\\\/prihlaska\\\/#breadcrumb\"},\"inLanguage\":\"cs\",\"potentialAction\":[{\"@type\":\"ReadAction\",\"target\":[\"https:\\\/\\\/llp.cz\\\/lidiligy\\\/prihlaska\\\/\"]}]},{\"@type\":\"BreadcrumbList\",\"@id\":\"https:\\\/\\\/llp.cz\\\/lidiligy\\\/prihlaska\\\/#breadcrumb\",\"itemListElement\":[{\"@type\":\"ListItem\",\"position\":1,\"name\":\"Dom\u016f\",\"item\":\"https:\\\/\\\/llp.cz\\\/lidiligy\\\/\"},{\"@type\":\"ListItem\",\"position\":2,\"name\":\"P\u0159ihl\u00e1\u0161ka\"}]},{\"@type\":\"WebSite\",\"@id\":\"https:\\\/\\\/llp.cz\\\/lidiligy\\\/#website\",\"url\":\"https:\\\/\\\/llp.cz\\\/lidiligy\\\/\",\"name\":\"LidiLigy\",\"description\":\"Klub p\u0159\u00e1tel Ligy lidsk\u00fdch pr\u00e1v\",\"potentialAction\":[{\"@type\":\"SearchAction\",\"target\":{\"@type\":\"EntryPoint\",\"urlTemplate\":\"https:\\\/\\\/llp.cz\\\/lidiligy\\\/?s={search_term_string}\"},\"query-input\":{\"@type\":\"PropertyValueSpecification\",\"valueRequired\":true,\"valueName\":\"search_term_string\"}}],\"inLanguage\":\"cs\"}]}<\/script>\n<!-- \/ Yoast SEO plugin. -->","yoast_head_json":{"title":"P\u0159ihl\u00e1\u0161ka - LidiLigy","robots":{"index":"index","follow":"follow","max-snippet":"max-snippet:-1","max-image-preview":"max-image-preview:large","max-video-preview":"max-video-preview:-1"},"canonical":"https:\/\/llp.cz\/lidiligy\/prihlaska\/","og_locale":"cs_CZ","og_type":"article","og_title":"P\u0159ihl\u00e1\u0161ka - LidiLigy","og_description":"R\u016fzn\u00e9 d\u016fvody, jeden spole\u010dn\u00fd c\u00edl:Jana Michalicov\u00e1 \"Ligu podporuji, proto\u017ee jde o poctivou iniciativu odborn\u00edk\u016f-pr\u00e1vn\u00edk\u016f ve prosp\u011bch nespravedliv\u011b opom\u00edjen\u00fdch. Orientovat se v tom, na co m\u00e1 \u010dlov\u011bk pr\u00e1vo, a samostatn\u011b se n\u011b\u010deho domoci u \u00fa\u0159ad\u016f m\u016f\u017ee b\u00fdt probl\u00e9m.\"Jan Syrov\u00fd \u201cPracuji v soci\u00e1ln\u00edch slu\u017eb\u00e1ch. Potkal jsem mnoho lid\u00ed, v \u00fastavech, ment\u00e1ln\u011b posti\u017een\u00fdch, star\u00fdch apod. Vid\u00edm moc a [&hellip;]","og_url":"https:\/\/llp.cz\/lidiligy\/prihlaska\/","og_site_name":"LidiLigy","article_modified_time":"2018-03-14T13:11:56+00:00","twitter_card":"summary_large_image","twitter_misc":{"Odhadovan\u00e1 doba \u010dten\u00ed":"4 minuty"},"schema":{"@context":"https:\/\/schema.org","@graph":[{"@type":"WebPage","@id":"https:\/\/llp.cz\/lidiligy\/prihlaska\/","url":"https:\/\/llp.cz\/lidiligy\/prihlaska\/","name":"P\u0159ihl\u00e1\u0161ka - LidiLigy","isPartOf":{"@id":"https:\/\/llp.cz\/lidiligy\/#website"},"datePublished":"2018-03-13T20:56:52+00:00","dateModified":"2018-03-14T13:11:56+00:00","breadcrumb":{"@id":"https:\/\/llp.cz\/lidiligy\/prihlaska\/#breadcrumb"},"inLanguage":"cs","potentialAction":[{"@type":"ReadAction","target":["https:\/\/llp.cz\/lidiligy\/prihlaska\/"]}]},{"@type":"BreadcrumbList","@id":"https:\/\/llp.cz\/lidiligy\/prihlaska\/#breadcrumb","itemListElement":[{"@type":"ListItem","position":1,"name":"Dom\u016f","item":"https:\/\/llp.cz\/lidiligy\/"},{"@type":"ListItem","position":2,"name":"P\u0159ihl\u00e1\u0161ka"}]},{"@type":"WebSite","@id":"https:\/\/llp.cz\/lidiligy\/#website","url":"https:\/\/llp.cz\/lidiligy\/","name":"LidiLigy","description":"Klub p\u0159\u00e1tel Ligy lidsk\u00fdch pr\u00e1v","potentialAction":[{"@type":"SearchAction","target":{"@type":"EntryPoint","urlTemplate":"https:\/\/llp.cz\/lidiligy\/?s={search_term_string}"},"query-input":{"@type":"PropertyValueSpecification","valueRequired":true,"valueName":"search_term_string"}}],"inLanguage":"cs"}]}},"_links":{"self":[{"href":"https:\/\/llp.cz\/lidiligy\/wp-json\/wp\/v2\/pages\/164","targetHints":{"allow":["GET"]}}],"collection":[{"href":"https:\/\/llp.cz\/lidiligy\/wp-json\/wp\/v2\/pages"}],"about":[{"href":"https:\/\/llp.cz\/lidiligy\/wp-json\/wp\/v2\/types\/page"}],"author":[{"embeddable":true,"href":"https:\/\/llp.cz\/lidiligy\/wp-json\/wp\/v2\/users\/2"}],"replies":[{"embeddable":true,"href":"https:\/\/llp.cz\/lidiligy\/wp-json\/wp\/v2\/comments?post=164"}],"version-history":[{"count":15,"href":"https:\/\/llp.cz\/lidiligy\/wp-json\/wp\/v2\/pages\/164\/revisions"}],"predecessor-version":[{"id":226,"href":"https:\/\/llp.cz\/lidiligy\/wp-json\/wp\/v2\/pages\/164\/revisions\/226"}],"wp:attachment":[{"href":"https:\/\/llp.cz\/lidiligy\/wp-json\/wp\/v2\/media?parent=164"}],"curies":[{"name":"wp","href":"https:\/\/api.w.org\/{rel}","templated":true}]}}