{"id":158,"date":"2018-03-13T15:28:03","date_gmt":"2018-03-13T14:28:03","guid":{"rendered":"http:\/\/llp.cz\/lidiligy\/?page_id=158"},"modified":"2018-03-14T13:50:00","modified_gmt":"2018-03-14T12:50:00","slug":"kampane","status":"publish","type":"page","link":"https:\/\/llp.cz\/lidiligy\/kampane\/","title":{"rendered":"Kampan\u011b"},"content":{"rendered":"<p>[et_pb_section fb_built=&#8220;1&#8243; _builder_version=&#8220;3.0.92&#8243;][et_pb_row use_custom_width=&#8220;on&#8220; width_unit=&#8220;off&#8220; _builder_version=&#8220;3.0.92&#8243; module_alignment=&#8220;center&#8220;][et_pb_column type=&#8220;4_4&#8243; _builder_version=&#8220;3.0.92&#8243; parallax=&#8220;off&#8220; parallax_method=&#8220;on&#8220;][et_pb_text _builder_version=&#8220;3.0.92&#8243; text_font=&#8220;|||on|||||&#8220; text_font_size=&#8220;25px&#8220;]<\/p>\n<p style=\"text-align: center;\">Podpo\u0159te pr\u00e1vn\u00ed zastupov\u00e1n\u00ed na\u0161ich aktu\u00e1ln\u00edch p\u0159\u00edpad\u016f<\/p>\n<p>[\/et_pb_text][\/et_pb_column][\/et_pb_row][et_pb_row use_custom_width=&#8220;on&#8220; width_unit=&#8220;off&#8220; custom_width_percent=&#8220;60%&#8220; custom_padding=&#8220;27px|0px|10px|0px&#8220; background_color=&#8220;rgba(12,113,195,0.12)&#8220; _builder_version=&#8220;3.0.92&#8243;][et_pb_column type=&#8220;1_3&#8243; _builder_version=&#8220;3.0.92&#8243; parallax=&#8220;off&#8220; parallax_method=&#8220;on&#8220;][et_pb_image src=&#8220;http:\/\/llp.cz\/lidiligy\/wp-content\/uploads\/sites\/6\/2018\/03\/Zastavme-nesmyslne-odebrani-deti.png&#8220; url=&#8220;https:\/\/www.darujme.cz\/vyzva\/1200344&#8243; url_new_window=&#8220;on&#8220; align=&#8220;center&#8220; _builder_version=&#8220;3.0.92&#8243; max_width=&#8220;60%&#8220; module_alignment=&#8220;center&#8220;][\/et_pb_image][\/et_pb_column][et_pb_column type=&#8220;2_3&#8243; _builder_version=&#8220;3.0.92&#8243; parallax=&#8220;off&#8220; parallax_method=&#8220;on&#8220;][et_pb_text _builder_version=&#8220;3.0.92&#8243; header_font=&#8220;||||||||&#8220; header_text_color=&#8220;#0c71c3&#8243;]<\/p>\n<h1 class=\"promotionHead-title\" style=\"text-align: left;\"><span style=\"text-decoration: underline;\"><a href=\"https:\/\/www.darujme.cz\/vyzva\/1200344\" target=\"_blank\" rel=\"noopener noreferrer\" style=\"text-decoration: underline;\">Zastavme nesmysln\u00e9 odebr\u00e1n\u00ed d\u011bt\u00ed!<\/a><\/span><\/h1>\n<p>[\/et_pb_text][et_pb_text _builder_version=&#8220;3.0.92&#8243; text_font=&#8220;||||||||&#8220; text_font_size=&#8220;16px&#8220; max_width=&#8220;90%&#8220;]<\/p>\n<p>Pro svou dceru s lehk\u00fdm ment\u00e1ln\u00edm posti\u017een\u00edm cht\u011bla asistenta, na kter\u00e9ho m\u00e1ze z\u00e1kona n\u00e1rok. Nakonec \u010del\u00ed absurdn\u00edmu n\u00e1vrhu OSPODu na soud ma zah\u00e1jen\u00ed \u0159\u00edzen\u00ed na\u0159\u00edzen\u00ed v\u00fdchovn\u00e9ho opat\u0159en\u00ed pro \u00fadajn\u011b \u0161patnou komunikaci se \u0161kolou.<\/p>\n<p><span style=\"text-decoration: underline;\"><a href=\"https:\/\/www.darujme.cz\/vyzva\/1200344\" target=\"_blank\" rel=\"noopener noreferrer\">Pomozte n\u00e1m zabr\u00e1nit odebr\u00e1n\u00ed d\u00edt\u011bte a zm\u011bnit tuto praxi<\/a><\/span> OSPOD, kdy jsou rodi\u010de nez\u00e1konn\u00fdm zp\u016fsobem zastra\u0161ov\u00e1ni, m\u00edsto toho, aby jim byla poskytnuta podpora. D\u011bkujeme!<\/p>\n<p>[\/et_pb_text][\/et_pb_column][\/et_pb_row][et_pb_row custom_padding=&#8220;0px|0px|30px|0px&#8220; _builder_version=&#8220;3.0.92&#8243;][et_pb_column type=&#8220;4_4&#8243; _builder_version=&#8220;3.0.92&#8243; parallax=&#8220;off&#8220; parallax_method=&#8220;on&#8220;][\/et_pb_column][\/et_pb_row][et_pb_row use_custom_width=&#8220;on&#8220; width_unit=&#8220;off&#8220; custom_width_percent=&#8220;60%&#8220; custom_padding=&#8220;27px|0px|10px|0px&#8220; background_color=&#8220;rgba(12,113,195,0.12)&#8220; _builder_version=&#8220;3.0.92&#8243;][et_pb_column type=&#8220;1_3&#8243; _builder_version=&#8220;3.0.92&#8243; parallax=&#8220;off&#8220; parallax_method=&#8220;on&#8220;][et_pb_image src=&#8220;http:\/\/llp.cz\/lidiligy\/wp-content\/uploads\/sites\/6\/2018\/03\/Valentova.png&#8220; url=&#8220;https:\/\/www.darujme.cz\/vyzva\/1200419&#8243; url_new_window=&#8220;on&#8220; align=&#8220;center&#8220; _builder_version=&#8220;3.0.92&#8243; max_width=&#8220;60%&#8220;][\/et_pb_image][\/et_pb_column][et_pb_column type=&#8220;2_3&#8243; _builder_version=&#8220;3.0.92&#8243; parallax=&#8220;off&#8220; parallax_method=&#8220;on&#8220;][et_pb_text _builder_version=&#8220;3.0.92&#8243; header_font=&#8220;||||||||&#8220; header_text_color=&#8220;#0c71c3&#8243;]<\/p>\n<h1 class=\"promotionHead-title\"><a href=\"https:\/\/www.darujme.cz\/vyzva\/1200419\" target=\"_blank\" rel=\"noopener noreferrer\"><span style=\"text-decoration: underline;\">Pomozte n\u00e1m zastavit porodnick\u00e9 n\u00e1sil\u00ed!<\/span><\/a><\/h1>\n<p>[\/et_pb_text][et_pb_text _builder_version=&#8220;3.0.92&#8243; text_font=&#8220;||||||||&#8220; text_font_size=&#8220;16px&#8220; max_width=&#8220;90%&#8220;]<\/p>\n<p>Pan\u00ed Valentovou person\u00e1l nemocnice v Neratovic\u00edch neumo\u017enil porodit p\u0159irozen\u011b ve zvolen\u00e9 poloze, ale nam\u00edsto toho ji dr\u017eel n\u00e1sil\u00edm v poloze na z\u00e1dech a provedl j\u00ed navzdory jej\u00edmu nesouhlasu n\u00e1st\u0159ih hr\u00e1ze. L\u00e9ka\u0159ka p\u0159est\u0159ihla ihned pupe\u010dn\u00ed \u0161\u0148\u016fru bez dotep\u00e1n\u00ed, i kdy\u017e si to rodi\u010de nep\u0159\u00e1li.<\/p>\n<p><span style=\"text-decoration: underline;\"><a href=\"https:\/\/www.darujme.cz\/vyzva\/1200419\" target=\"_blank\" rel=\"noopener noreferrer\">Podpo\u0159te pr\u00e1vn\u00ed zastupov\u00e1n\u00ed pan\u00ed Valentov\u00e9<\/a><\/span>, kter\u00e1 mus\u00ed uhradit \u010dtvrtmilionov\u00e9 n\u00e1klady soudn\u00edho \u0159\u00edzen\u00ed, a\u00a0 t\u00edm i boj za uzn\u00e1n\u00ed pr\u00e1v rod\u00edc\u00edch \u017een v \u010cesku. D\u011bkujeme v\u00e1m!\u00a0<\/p>\n<p>[\/et_pb_text][\/et_pb_column][\/et_pb_row][et_pb_row custom_padding=&#8220;0px|0px|30px|0px&#8220; _builder_version=&#8220;3.0.92&#8243;][et_pb_column type=&#8220;4_4&#8243; _builder_version=&#8220;3.0.92&#8243; parallax=&#8220;off&#8220; parallax_method=&#8220;on&#8220;][\/et_pb_column][\/et_pb_row][et_pb_row use_custom_width=&#8220;on&#8220; width_unit=&#8220;off&#8220; custom_width_percent=&#8220;60%&#8220; custom_padding=&#8220;27px|0px|10px|0px&#8220; background_color=&#8220;rgba(12,113,195,0.12)&#8220; _builder_version=&#8220;3.0.92&#8243;][et_pb_column type=&#8220;1_3&#8243; _builder_version=&#8220;3.0.92&#8243; parallax=&#8220;off&#8220; parallax_method=&#8220;on&#8220;][et_pb_image src=&#8220;http:\/\/llp.cz\/lidiligy\/wp-content\/uploads\/sites\/6\/2018\/03\/Otakar-Rydl.png&#8220; url=&#8220;https:\/\/www.darujme.cz\/vyzva\/1200421&#8243; url_new_window=&#8220;on&#8220; align=&#8220;center&#8220; _builder_version=&#8220;3.0.92&#8243; max_width=&#8220;60%&#8220; max_width_last_edited=&#8220;off|desktop&#8220; module_alignment=&#8220;center&#8220;][\/et_pb_image][\/et_pb_column][et_pb_column type=&#8220;2_3&#8243; _builder_version=&#8220;3.0.92&#8243; parallax=&#8220;off&#8220; parallax_method=&#8220;on&#8220;][et_pb_text _builder_version=&#8220;3.0.92&#8243; header_font=&#8220;||||||||&#8220; header_text_color=&#8220;#0c71c3&#8243;]<\/p>\n<h1 class=\"promotionHead-title\"><a href=\"https:\/\/www.darujme.cz\/vyzva\/1200421\" target=\"_blank\" rel=\"noopener noreferrer\"><span style=\"text-decoration: underline;\">Podpo\u0159te pr\u00e1vn\u00ed zastupov\u00e1n\u00ed man\u017eelky pacienta, kter\u00fd zem\u0159el p\u00e1r dn\u00ed po hospitalizaci na psychiatrii<\/span><\/a><\/h1>\n<p>[\/et_pb_text][et_pb_text _builder_version=&#8220;3.0.92&#8243; text_font=&#8220;||||||||&#8220; text_font_size=&#8220;16px&#8220; max_width=&#8220;90%&#8220;]<\/p>\n<p>Zastupujeme pan\u00ed R\u016f\u017eenu R\u00fddlovou, jej\u00ed\u017e mu\u017e Otakar zem\u0159el p\u00e1r dn\u00ed po hospitalizaci v Psychiatrick\u00e9 nemocnici Brno. Podali jsme \u00fastavn\u00ed st\u00ed\u017enost z d\u016fvodu nedostate\u010dn\u00e9ho vy\u0161et\u0159en\u00ed jeho \u00famrt\u00ed polici\u00ed, kter\u00e1 se nezab\u00fdvala tvrzen\u00fdmi pochyben\u00edmi v p\u00e9\u010di na stran\u011b nemocnice.\u00a0 Po jej\u00edm zam\u00edtnut\u00ed jsme podali st\u00ed\u017enost k Evropsk\u00e9mu soudu pro lidsk\u00e1 pr\u00e1va.<\/p>\n<p><span style=\"text-decoration: underline;\"><a href=\"https:\/\/www.darujme.cz\/vyzva\/1200421\" target=\"_blank\" rel=\"noopener noreferrer\">Podpo\u0159te snahu pan\u00ed R\u00fddlov\u00e9<\/a><\/span>, kter\u00e1 nepo\u017eaduje \u017e\u00e1dnou finan\u010dn\u00ed kompenzaci, ale usiluje o \u00fa\u010dinn\u00e9 vy\u0161et\u0159en\u00ed man\u017eelovy smrti. D\u011bkujeme!<\/p>\n<p>[\/et_pb_text][\/et_pb_column][\/et_pb_row][\/et_pb_section]<\/p>\n","protected":false},"excerpt":{"rendered":"<p>Podpo\u0159te pr\u00e1vn\u00ed zastupov\u00e1n\u00ed na\u0161ich aktu\u00e1ln\u00edch p\u0159\u00edpad\u016fZastavme nesmysln\u00e9 odebr\u00e1n\u00ed d\u011bt\u00ed!Pro svou dceru s lehk\u00fdm ment\u00e1ln\u00edm posti\u017een\u00edm cht\u011bla asistenta, na kter\u00e9ho m\u00e1ze z\u00e1kona n\u00e1rok. Nakonec \u010del\u00ed absurdn\u00edmu n\u00e1vrhu OSPODu na soud ma zah\u00e1jen\u00ed \u0159\u00edzen\u00ed na\u0159\u00edzen\u00ed v\u00fdchovn\u00e9ho opat\u0159en\u00ed pro \u00fadajn\u011b \u0161patnou komunikaci se \u0161kolou. Pomozte n\u00e1m zabr\u00e1nit odebr\u00e1n\u00ed d\u00edt\u011bte a zm\u011bnit tuto praxi OSPOD, kdy jsou rodi\u010de nez\u00e1konn\u00fdm [&hellip;]<\/p>\n","protected":false},"author":2,"featured_media":0,"parent":0,"menu_order":0,"comment_status":"closed","ping_status":"closed","template":"","meta":{"_et_pb_use_builder":"on","_et_pb_old_content":"","_et_gb_content_width":"","footnotes":""},"class_list":["post-158","page","type-page","status-publish","hentry"],"yoast_head":"<!-- This site is optimized with the Yoast SEO plugin v27.5 - https:\/\/yoast.com\/product\/yoast-seo-wordpress\/ -->\n<title>Kampan\u011b - LidiLigy<\/title>\n<meta name=\"robots\" content=\"index, follow, max-snippet:-1, max-image-preview:large, max-video-preview:-1\" \/>\n<link rel=\"canonical\" href=\"https:\/\/llp.cz\/lidiligy\/kampane\/\" \/>\n<meta property=\"og:locale\" content=\"cs_CZ\" \/>\n<meta property=\"og:type\" content=\"article\" \/>\n<meta property=\"og:title\" content=\"Kampan\u011b - LidiLigy\" \/>\n<meta property=\"og:description\" content=\"Podpo\u0159te pr\u00e1vn\u00ed zastupov\u00e1n\u00ed na\u0161ich aktu\u00e1ln\u00edch p\u0159\u00edpad\u016fZastavme nesmysln\u00e9 odebr\u00e1n\u00ed d\u011bt\u00ed!Pro svou dceru s lehk\u00fdm ment\u00e1ln\u00edm posti\u017een\u00edm cht\u011bla asistenta, na kter\u00e9ho m\u00e1ze z\u00e1kona n\u00e1rok. Nakonec \u010del\u00ed absurdn\u00edmu n\u00e1vrhu OSPODu na soud ma zah\u00e1jen\u00ed \u0159\u00edzen\u00ed na\u0159\u00edzen\u00ed v\u00fdchovn\u00e9ho opat\u0159en\u00ed pro \u00fadajn\u011b \u0161patnou komunikaci se \u0161kolou. Pomozte n\u00e1m zabr\u00e1nit odebr\u00e1n\u00ed d\u00edt\u011bte a zm\u011bnit tuto praxi OSPOD, kdy jsou rodi\u010de nez\u00e1konn\u00fdm [&hellip;]\" \/>\n<meta property=\"og:url\" content=\"https:\/\/llp.cz\/lidiligy\/kampane\/\" \/>\n<meta property=\"og:site_name\" content=\"LidiLigy\" \/>\n<meta property=\"article:modified_time\" content=\"2018-03-14T12:50:00+00:00\" \/>\n<meta name=\"twitter:card\" content=\"summary_large_image\" \/>\n<meta name=\"twitter:label1\" content=\"Odhadovan\u00e1 doba \u010dten\u00ed\" \/>\n\t<meta name=\"twitter:data1\" content=\"4 minuty\" \/>\n<script type=\"application\/ld+json\" class=\"yoast-schema-graph\">{\"@context\":\"https:\\\/\\\/schema.org\",\"@graph\":[{\"@type\":\"WebPage\",\"@id\":\"https:\\\/\\\/llp.cz\\\/lidiligy\\\/kampane\\\/\",\"url\":\"https:\\\/\\\/llp.cz\\\/lidiligy\\\/kampane\\\/\",\"name\":\"Kampan\u011b - LidiLigy\",\"isPartOf\":{\"@id\":\"https:\\\/\\\/llp.cz\\\/lidiligy\\\/#website\"},\"datePublished\":\"2018-03-13T14:28:03+00:00\",\"dateModified\":\"2018-03-14T12:50:00+00:00\",\"breadcrumb\":{\"@id\":\"https:\\\/\\\/llp.cz\\\/lidiligy\\\/kampane\\\/#breadcrumb\"},\"inLanguage\":\"cs\",\"potentialAction\":[{\"@type\":\"ReadAction\",\"target\":[\"https:\\\/\\\/llp.cz\\\/lidiligy\\\/kampane\\\/\"]}]},{\"@type\":\"BreadcrumbList\",\"@id\":\"https:\\\/\\\/llp.cz\\\/lidiligy\\\/kampane\\\/#breadcrumb\",\"itemListElement\":[{\"@type\":\"ListItem\",\"position\":1,\"name\":\"Dom\u016f\",\"item\":\"https:\\\/\\\/llp.cz\\\/lidiligy\\\/\"},{\"@type\":\"ListItem\",\"position\":2,\"name\":\"Kampan\u011b\"}]},{\"@type\":\"WebSite\",\"@id\":\"https:\\\/\\\/llp.cz\\\/lidiligy\\\/#website\",\"url\":\"https:\\\/\\\/llp.cz\\\/lidiligy\\\/\",\"name\":\"LidiLigy\",\"description\":\"Klub p\u0159\u00e1tel Ligy lidsk\u00fdch pr\u00e1v\",\"potentialAction\":[{\"@type\":\"SearchAction\",\"target\":{\"@type\":\"EntryPoint\",\"urlTemplate\":\"https:\\\/\\\/llp.cz\\\/lidiligy\\\/?s={search_term_string}\"},\"query-input\":{\"@type\":\"PropertyValueSpecification\",\"valueRequired\":true,\"valueName\":\"search_term_string\"}}],\"inLanguage\":\"cs\"}]}<\/script>\n<!-- \/ Yoast SEO plugin. -->","yoast_head_json":{"title":"Kampan\u011b - LidiLigy","robots":{"index":"index","follow":"follow","max-snippet":"max-snippet:-1","max-image-preview":"max-image-preview:large","max-video-preview":"max-video-preview:-1"},"canonical":"https:\/\/llp.cz\/lidiligy\/kampane\/","og_locale":"cs_CZ","og_type":"article","og_title":"Kampan\u011b - LidiLigy","og_description":"Podpo\u0159te pr\u00e1vn\u00ed zastupov\u00e1n\u00ed na\u0161ich aktu\u00e1ln\u00edch p\u0159\u00edpad\u016fZastavme nesmysln\u00e9 odebr\u00e1n\u00ed d\u011bt\u00ed!Pro svou dceru s lehk\u00fdm ment\u00e1ln\u00edm posti\u017een\u00edm cht\u011bla asistenta, na kter\u00e9ho m\u00e1ze z\u00e1kona n\u00e1rok. Nakonec \u010del\u00ed absurdn\u00edmu n\u00e1vrhu OSPODu na soud ma zah\u00e1jen\u00ed \u0159\u00edzen\u00ed na\u0159\u00edzen\u00ed v\u00fdchovn\u00e9ho opat\u0159en\u00ed pro \u00fadajn\u011b \u0161patnou komunikaci se \u0161kolou. Pomozte n\u00e1m zabr\u00e1nit odebr\u00e1n\u00ed d\u00edt\u011bte a zm\u011bnit tuto praxi OSPOD, kdy jsou rodi\u010de nez\u00e1konn\u00fdm [&hellip;]","og_url":"https:\/\/llp.cz\/lidiligy\/kampane\/","og_site_name":"LidiLigy","article_modified_time":"2018-03-14T12:50:00+00:00","twitter_card":"summary_large_image","twitter_misc":{"Odhadovan\u00e1 doba \u010dten\u00ed":"4 minuty"},"schema":{"@context":"https:\/\/schema.org","@graph":[{"@type":"WebPage","@id":"https:\/\/llp.cz\/lidiligy\/kampane\/","url":"https:\/\/llp.cz\/lidiligy\/kampane\/","name":"Kampan\u011b - LidiLigy","isPartOf":{"@id":"https:\/\/llp.cz\/lidiligy\/#website"},"datePublished":"2018-03-13T14:28:03+00:00","dateModified":"2018-03-14T12:50:00+00:00","breadcrumb":{"@id":"https:\/\/llp.cz\/lidiligy\/kampane\/#breadcrumb"},"inLanguage":"cs","potentialAction":[{"@type":"ReadAction","target":["https:\/\/llp.cz\/lidiligy\/kampane\/"]}]},{"@type":"BreadcrumbList","@id":"https:\/\/llp.cz\/lidiligy\/kampane\/#breadcrumb","itemListElement":[{"@type":"ListItem","position":1,"name":"Dom\u016f","item":"https:\/\/llp.cz\/lidiligy\/"},{"@type":"ListItem","position":2,"name":"Kampan\u011b"}]},{"@type":"WebSite","@id":"https:\/\/llp.cz\/lidiligy\/#website","url":"https:\/\/llp.cz\/lidiligy\/","name":"LidiLigy","description":"Klub p\u0159\u00e1tel Ligy lidsk\u00fdch pr\u00e1v","potentialAction":[{"@type":"SearchAction","target":{"@type":"EntryPoint","urlTemplate":"https:\/\/llp.cz\/lidiligy\/?s={search_term_string}"},"query-input":{"@type":"PropertyValueSpecification","valueRequired":true,"valueName":"search_term_string"}}],"inLanguage":"cs"}]}},"_links":{"self":[{"href":"https:\/\/llp.cz\/lidiligy\/wp-json\/wp\/v2\/pages\/158","targetHints":{"allow":["GET"]}}],"collection":[{"href":"https:\/\/llp.cz\/lidiligy\/wp-json\/wp\/v2\/pages"}],"about":[{"href":"https:\/\/llp.cz\/lidiligy\/wp-json\/wp\/v2\/types\/page"}],"author":[{"embeddable":true,"href":"https:\/\/llp.cz\/lidiligy\/wp-json\/wp\/v2\/users\/2"}],"replies":[{"embeddable":true,"href":"https:\/\/llp.cz\/lidiligy\/wp-json\/wp\/v2\/comments?post=158"}],"version-history":[{"count":9,"href":"https:\/\/llp.cz\/lidiligy\/wp-json\/wp\/v2\/pages\/158\/revisions"}],"predecessor-version":[{"id":207,"href":"https:\/\/llp.cz\/lidiligy\/wp-json\/wp\/v2\/pages\/158\/revisions\/207"}],"wp:attachment":[{"href":"https:\/\/llp.cz\/lidiligy\/wp-json\/wp\/v2\/media?parent=158"}],"curies":[{"name":"wp","href":"https:\/\/api.w.org\/{rel}","templated":true}]}}