{"id":625,"date":"2017-03-26T20:21:14","date_gmt":"2017-03-26T18:21:14","guid":{"rendered":"http:\/\/llp.cz\/ferove-vysetrovani\/?page_id=625"},"modified":"2017-03-27T19:02:59","modified_gmt":"2017-03-27T17:02:59","slug":"nedustojne-pripoutani-policejni-cele","status":"publish","type":"page","link":"https:\/\/llp.cz\/ferove-vysetrovani\/pripady\/nedustojne-pripoutani-policejni-cele\/","title":{"rendered":"Ned\u016fstojn\u00e9 p\u0159ipout\u00e1n\u00ed v policejn\u00ed cele"},"content":{"rendered":"<p>[et_pb_section bb_built=&#8220;1&#8243; admin_label=&#8220;section&#8220;][et_pb_row admin_label=&#8220;row&#8220;][et_pb_column type=&#8220;4_4&#8243;][et_pb_text admin_label=&#8220;Text&#8220; background_layout=&#8220;light&#8220; text_orientation=&#8220;left&#8220; use_border_color=&#8220;off&#8220; border_color=&#8220;#ffffff&#8220; border_style=&#8220;solid&#8220;]<br \/>\n<strong><em>\u017dena v\u00a0podnapil\u00e9m stavu byla policisty zaji\u0161t\u011bna a p\u0159evezena na policejn\u00ed slu\u017eebnu, kde po jej\u00edm um\u00edst\u011bn\u00ed do policejn\u00ed cely byla za sv\u00e9 vulg\u00e1rn\u00ed chov\u00e1n\u00ed v\u016f\u010di policist\u016fm potrest\u00e1na p\u0159ipout\u00e1n\u00edm v\u00a0cele poni\u017euj\u00edc\u00edm a ned\u016fstojn\u00fdm zp\u016fsobem. Pr\u00e1vn\u00edci Ligy lidsk\u00fdch pr\u00e1v zastupovali po\u0161kozenou v\u00a0trestn\u00edm \u0159\u00edzen\u00ed veden\u00e9m proti policist\u016fm. <\/em><\/strong><\/p>\n<p>\u010cty\u0159icetilet\u00e1 \u017eena byla dne 9. 2. eskortov\u00e1na na policejn\u00ed slu\u017eebnu pot\u00e9, co se v\u00a0m\u00edst\u011b sv\u00e9ho bydli\u0161t\u011b dopou\u0161t\u011bla v\u00fdtr\u017enost\u00ed (zejm\u00e9na kopala do dve\u0159\u00ed v\u00fdtahu, kter\u00e9 t\u00edm po\u0161kozovala). Na slu\u017eebn\u011b byla pot\u00e9 um\u00edst\u011bna do policejn\u00ed cely. Zadr\u017een\u00e1 v\u00a0cele opakovan\u011b kopala do m\u0159\u00ed\u017e\u00ed, neust\u00e1le vulg\u00e1rn\u011b pok\u0159ikovala na policisty a do\u017eadovala se pr\u00e1vn\u00edho z\u00e1stupce.<\/p>\n<p>Po n\u011bjak\u00e9 dob\u011b k\u00a0n\u00ed p\u0159istoupili t\u0159i policist\u00e9 a p\u0159ipoutali ji k\u00a0m\u0159\u00ed\u017ei policejn\u00ed cely takov\u00fdm zp\u016fsobem, \u017ee ji dv\u011bma kusy pout p\u0159ipoutali vta\u017een\u00e9 a rozpa\u017een\u00e9 ruce nad hlavou a za z\u00e1dy k\u00a0m\u0159\u00ed\u017ei tak, aby nemohla d\u00e1t sv\u00e9 ruce dol\u016f a v\u00a0takov\u00e9 v\u00fd\u0161ce nad podlahou, \u017ee na ni \u017eena nemohla po\u0159\u00e1dn\u011b dos\u00e1hnout nohama a\u00a0 musela se proto s\u00a0rozta\u017een\u00fdma nohama postavit na postele nach\u00e1zej\u00edc\u00ed se u protilehl\u00fdch stran cely. P\u0159ipout\u00e1n\u00ed zadr\u017een\u00e9 trvalo p\u0159ibli\u017en\u011b 11 minut. V\u00a0d\u016fsledku tohoto p\u0159ipout\u00e1n\u00ed byly \u017een\u011b zp\u016fsobeny od\u011brky na z\u00e1p\u011bst\u00edch.<\/p>\n<p>V\u016f\u010di t\u0159em policist\u016fm bylo zah\u00e1jeno trestn\u00ed st\u00edh\u00e1n\u00ed pro sp\u00e1ch\u00e1n\u00ed trestn\u00e9ho \u010dinu zneu\u017eit\u00ed pravomoci \u00fa\u0159edn\u00ed osoby.<\/p>\n<p>O p\u0159\u00edpadu informovala i m\u00e9dia kup\u0159\u00edkladu <a href=\"http:\/\/zlin.idnes.cz\/uherske-hradiste-soud-policiste-udajne-tyrali-zenu-ve-vazbe-plu-\/zlin-zpravy.aspx?c=A170316_171248_zlin-zpravy_ppr\">zde<\/a><\/p>\n<p>[\/et_pb_text][\/et_pb_column][\/et_pb_row][\/et_pb_section]<\/p>\n","protected":false},"excerpt":{"rendered":"<p>\u017dena v\u00a0podnapil\u00e9m stavu byla policisty zaji\u0161t\u011bna a p\u0159evezena na policejn\u00ed slu\u017eebnu, kde po jej\u00edm um\u00edst\u011bn\u00ed do policejn\u00ed cely byla za sv\u00e9 vulg\u00e1rn\u00ed chov\u00e1n\u00ed v\u016f\u010di policist\u016fm potrest\u00e1na p\u0159ipout\u00e1n\u00edm v\u00a0cele poni\u017euj\u00edc\u00edm a ned\u016fstojn\u00fdm zp\u016fsobem. Pr\u00e1vn\u00edci Ligy lidsk\u00fdch pr\u00e1v zastupovali po\u0161kozenou v\u00a0trestn\u00edm \u0159\u00edzen\u00ed veden\u00e9m proti policist\u016fm. \u010cty\u0159icetilet\u00e1 \u017eena byla dne 9. 2. eskortov\u00e1na na policejn\u00ed slu\u017eebnu pot\u00e9, co [&hellip;]<\/p>\n","protected":false},"author":2,"featured_media":0,"parent":54,"menu_order":0,"comment_status":"closed","ping_status":"closed","template":"","meta":{"_et_pb_use_builder":"on","_et_pb_old_content":"<strong><em>\u017dena v\u00a0podnapil\u00e9m stavu byla policisty zaji\u0161t\u011bna a p\u0159evezena na policejn\u00ed slu\u017eebnu, kde po jej\u00edm um\u00edst\u011bn\u00ed do policejn\u00ed cely byla za sv\u00e9 vulg\u00e1rn\u00ed chov\u00e1n\u00ed v\u016f\u010di policist\u016fm potrest\u00e1na p\u0159ipout\u00e1n\u00edm v\u00a0cele poni\u017euj\u00edc\u00edm a ned\u016fstojn\u00fdm zp\u016fsobem. <\/em><\/strong>\r\n\r\n\u010cty\u0159icetilet\u00e1 \u017eena byla dne 9. 2. eskortov\u00e1na na policejn\u00ed slu\u017eebnu pot\u00e9, co se v\u00a0m\u00edst\u011b sv\u00e9ho bydli\u0161t\u011b dopou\u0161t\u011bla v\u00fdtr\u017enost\u00ed (zejm\u00e9na kopala do dve\u0159\u00ed v\u00fdtahu, kter\u00e9 t\u00edm po\u0161kozovala). Na slu\u017eebn\u011b byla pot\u00e9 um\u00edst\u011bna do policejn\u00ed cely. Zadr\u017een\u00e1 v\u00a0cele opakovan\u011b kopala do m\u0159\u00ed\u017e\u00ed, neust\u00e1le vulg\u00e1rn\u011b pok\u0159ikovala na policisty a do\u017eadovala se pr\u00e1vn\u00edho z\u00e1stupce.\r\n\r\nPo n\u011bjak\u00e9 dob\u011b k\u00a0n\u00ed p\u0159istoupili t\u0159i policist\u00e9 a p\u0159ipoutali ji k\u00a0m\u0159\u00ed\u017ei policejn\u00ed cely takov\u00fdm zp\u016fsobem, \u017ee ji dv\u011bma kusy pout p\u0159ipoutali vta\u017een\u00e9 a rozpa\u017een\u00e9 ruce nad hlavou a za z\u00e1dy k\u00a0m\u0159\u00ed\u017ei tak, aby nemohla d\u00e1t sv\u00e9 ruce dol\u016f a v\u00a0takov\u00e9 v\u00fd\u0161ce nad podlahou, \u017ee na ni \u017eena nemohla po\u0159\u00e1dn\u011b dos\u00e1hnout nohama a\u00a0 musela se proto s\u00a0rozta\u017een\u00fdma nohama postavit na postele nach\u00e1zej\u00edc\u00ed se u protilehl\u00fdch stran cely. P\u0159ipout\u00e1n\u00ed zadr\u017een\u00e9 trvalo p\u0159ibli\u017en\u011b 11 minut. V\u00a0d\u016fsledku tohoto p\u0159ipout\u00e1n\u00ed byly \u017een\u011b zp\u016fsobeny od\u011brky na z\u00e1p\u011bst\u00edch.\r\n\r\nV\u016f\u010di t\u0159em policist\u016fm bylo zah\u00e1jeno trestn\u00ed st\u00edh\u00e1n\u00ed pro sp\u00e1ch\u00e1n\u00ed trestn\u00e9ho \u010dinu zneu\u017eit\u00ed pravomoci \u00fa\u0159edn\u00ed osoby.\r\n\r\nO p\u0159\u00edpadu informovala i m\u00e9dia kup\u0159\u00edkladu <a href=\"http:\/\/zlin.idnes.cz\/uherske-hradiste-soud-policiste-udajne-tyrali-zenu-ve-vazbe-plu-\/zlin-zpravy.aspx?c=A170316_171248_zlin-zpravy_ppr\">zde<\/a>","_et_gb_content_width":"","footnotes":""},"class_list":["post-625","page","type-page","status-publish","hentry"],"yoast_head":"<!-- This site is optimized with the Yoast SEO plugin v27.4 - https:\/\/yoast.com\/product\/yoast-seo-wordpress\/ -->\n<title>Ned\u016fstojn\u00e9 p\u0159ipout\u00e1n\u00ed v policejn\u00ed cele - F\u00e9rov\u00e9 vy\u0161et\u0159ov\u00e1n\u00ed<\/title>\n<meta name=\"robots\" content=\"index, follow, max-snippet:-1, max-image-preview:large, max-video-preview:-1\" \/>\n<link rel=\"canonical\" href=\"https:\/\/llp.cz\/ferove-vysetrovani\/pripady\/nedustojne-pripoutani-policejni-cele\/\" \/>\n<meta property=\"og:locale\" content=\"cs_CZ\" \/>\n<meta property=\"og:type\" content=\"article\" \/>\n<meta property=\"og:title\" content=\"Ned\u016fstojn\u00e9 p\u0159ipout\u00e1n\u00ed v policejn\u00ed cele - F\u00e9rov\u00e9 vy\u0161et\u0159ov\u00e1n\u00ed\" \/>\n<meta property=\"og:description\" content=\"\u017dena v\u00a0podnapil\u00e9m stavu byla policisty zaji\u0161t\u011bna a p\u0159evezena na policejn\u00ed slu\u017eebnu, kde po jej\u00edm um\u00edst\u011bn\u00ed do policejn\u00ed cely byla za sv\u00e9 vulg\u00e1rn\u00ed chov\u00e1n\u00ed v\u016f\u010di policist\u016fm potrest\u00e1na p\u0159ipout\u00e1n\u00edm v\u00a0cele poni\u017euj\u00edc\u00edm a ned\u016fstojn\u00fdm zp\u016fsobem. Pr\u00e1vn\u00edci Ligy lidsk\u00fdch pr\u00e1v zastupovali po\u0161kozenou v\u00a0trestn\u00edm \u0159\u00edzen\u00ed veden\u00e9m proti policist\u016fm. \u010cty\u0159icetilet\u00e1 \u017eena byla dne 9. 2. eskortov\u00e1na na policejn\u00ed slu\u017eebnu pot\u00e9, co [&hellip;]\" \/>\n<meta property=\"og:url\" content=\"https:\/\/llp.cz\/ferove-vysetrovani\/pripady\/nedustojne-pripoutani-policejni-cele\/\" \/>\n<meta property=\"og:site_name\" content=\"F\u00e9rov\u00e9 vy\u0161et\u0159ov\u00e1n\u00ed\" \/>\n<meta property=\"article:modified_time\" content=\"2017-03-27T17:02:59+00:00\" \/>\n<meta name=\"twitter:card\" content=\"summary_large_image\" \/>\n<meta name=\"twitter:label1\" content=\"Odhadovan\u00e1 doba \u010dten\u00ed\" \/>\n\t<meta name=\"twitter:data1\" content=\"2 minuty\" \/>\n<script type=\"application\/ld+json\" class=\"yoast-schema-graph\">{\"@context\":\"https:\\\/\\\/schema.org\",\"@graph\":[{\"@type\":\"WebPage\",\"@id\":\"https:\\\/\\\/llp.cz\\\/ferove-vysetrovani\\\/pripady\\\/nedustojne-pripoutani-policejni-cele\\\/\",\"url\":\"https:\\\/\\\/llp.cz\\\/ferove-vysetrovani\\\/pripady\\\/nedustojne-pripoutani-policejni-cele\\\/\",\"name\":\"Ned\u016fstojn\u00e9 p\u0159ipout\u00e1n\u00ed v policejn\u00ed cele - F\u00e9rov\u00e9 vy\u0161et\u0159ov\u00e1n\u00ed\",\"isPartOf\":{\"@id\":\"https:\\\/\\\/llp.cz\\\/ferove-vysetrovani\\\/#website\"},\"datePublished\":\"2017-03-26T18:21:14+00:00\",\"dateModified\":\"2017-03-27T17:02:59+00:00\",\"breadcrumb\":{\"@id\":\"https:\\\/\\\/llp.cz\\\/ferove-vysetrovani\\\/pripady\\\/nedustojne-pripoutani-policejni-cele\\\/#breadcrumb\"},\"inLanguage\":\"cs\",\"potentialAction\":[{\"@type\":\"ReadAction\",\"target\":[\"https:\\\/\\\/llp.cz\\\/ferove-vysetrovani\\\/pripady\\\/nedustojne-pripoutani-policejni-cele\\\/\"]}]},{\"@type\":\"BreadcrumbList\",\"@id\":\"https:\\\/\\\/llp.cz\\\/ferove-vysetrovani\\\/pripady\\\/nedustojne-pripoutani-policejni-cele\\\/#breadcrumb\",\"itemListElement\":[{\"@type\":\"ListItem\",\"position\":1,\"name\":\"Dom\u016f\",\"item\":\"https:\\\/\\\/llp.cz\\\/ferove-vysetrovani\\\/\"},{\"@type\":\"ListItem\",\"position\":2,\"name\":\"P\u0159\u00edpady\",\"item\":\"https:\\\/\\\/llp.cz\\\/ferove-vysetrovani\\\/pripady\\\/\"},{\"@type\":\"ListItem\",\"position\":3,\"name\":\"Ned\u016fstojn\u00e9 p\u0159ipout\u00e1n\u00ed v&nbsp;policejn\u00ed cele\"}]},{\"@type\":\"WebSite\",\"@id\":\"https:\\\/\\\/llp.cz\\\/ferove-vysetrovani\\\/#website\",\"url\":\"https:\\\/\\\/llp.cz\\\/ferove-vysetrovani\\\/\",\"name\":\"F\u00e9rov\u00e9 vy\u0161et\u0159ov\u00e1n\u00ed\",\"description\":\"\",\"potentialAction\":[{\"@type\":\"SearchAction\",\"target\":{\"@type\":\"EntryPoint\",\"urlTemplate\":\"https:\\\/\\\/llp.cz\\\/ferove-vysetrovani\\\/?s={search_term_string}\"},\"query-input\":{\"@type\":\"PropertyValueSpecification\",\"valueRequired\":true,\"valueName\":\"search_term_string\"}}],\"inLanguage\":\"cs\"}]}<\/script>\n<!-- \/ Yoast SEO plugin. -->","yoast_head_json":{"title":"Ned\u016fstojn\u00e9 p\u0159ipout\u00e1n\u00ed v policejn\u00ed cele - F\u00e9rov\u00e9 vy\u0161et\u0159ov\u00e1n\u00ed","robots":{"index":"index","follow":"follow","max-snippet":"max-snippet:-1","max-image-preview":"max-image-preview:large","max-video-preview":"max-video-preview:-1"},"canonical":"https:\/\/llp.cz\/ferove-vysetrovani\/pripady\/nedustojne-pripoutani-policejni-cele\/","og_locale":"cs_CZ","og_type":"article","og_title":"Ned\u016fstojn\u00e9 p\u0159ipout\u00e1n\u00ed v policejn\u00ed cele - F\u00e9rov\u00e9 vy\u0161et\u0159ov\u00e1n\u00ed","og_description":"\u017dena v\u00a0podnapil\u00e9m stavu byla policisty zaji\u0161t\u011bna a p\u0159evezena na policejn\u00ed slu\u017eebnu, kde po jej\u00edm um\u00edst\u011bn\u00ed do policejn\u00ed cely byla za sv\u00e9 vulg\u00e1rn\u00ed chov\u00e1n\u00ed v\u016f\u010di policist\u016fm potrest\u00e1na p\u0159ipout\u00e1n\u00edm v\u00a0cele poni\u017euj\u00edc\u00edm a ned\u016fstojn\u00fdm zp\u016fsobem. Pr\u00e1vn\u00edci Ligy lidsk\u00fdch pr\u00e1v zastupovali po\u0161kozenou v\u00a0trestn\u00edm \u0159\u00edzen\u00ed veden\u00e9m proti policist\u016fm. \u010cty\u0159icetilet\u00e1 \u017eena byla dne 9. 2. eskortov\u00e1na na policejn\u00ed slu\u017eebnu pot\u00e9, co [&hellip;]","og_url":"https:\/\/llp.cz\/ferove-vysetrovani\/pripady\/nedustojne-pripoutani-policejni-cele\/","og_site_name":"F\u00e9rov\u00e9 vy\u0161et\u0159ov\u00e1n\u00ed","article_modified_time":"2017-03-27T17:02:59+00:00","twitter_card":"summary_large_image","twitter_misc":{"Odhadovan\u00e1 doba \u010dten\u00ed":"2 minuty"},"schema":{"@context":"https:\/\/schema.org","@graph":[{"@type":"WebPage","@id":"https:\/\/llp.cz\/ferove-vysetrovani\/pripady\/nedustojne-pripoutani-policejni-cele\/","url":"https:\/\/llp.cz\/ferove-vysetrovani\/pripady\/nedustojne-pripoutani-policejni-cele\/","name":"Ned\u016fstojn\u00e9 p\u0159ipout\u00e1n\u00ed v policejn\u00ed cele - F\u00e9rov\u00e9 vy\u0161et\u0159ov\u00e1n\u00ed","isPartOf":{"@id":"https:\/\/llp.cz\/ferove-vysetrovani\/#website"},"datePublished":"2017-03-26T18:21:14+00:00","dateModified":"2017-03-27T17:02:59+00:00","breadcrumb":{"@id":"https:\/\/llp.cz\/ferove-vysetrovani\/pripady\/nedustojne-pripoutani-policejni-cele\/#breadcrumb"},"inLanguage":"cs","potentialAction":[{"@type":"ReadAction","target":["https:\/\/llp.cz\/ferove-vysetrovani\/pripady\/nedustojne-pripoutani-policejni-cele\/"]}]},{"@type":"BreadcrumbList","@id":"https:\/\/llp.cz\/ferove-vysetrovani\/pripady\/nedustojne-pripoutani-policejni-cele\/#breadcrumb","itemListElement":[{"@type":"ListItem","position":1,"name":"Dom\u016f","item":"https:\/\/llp.cz\/ferove-vysetrovani\/"},{"@type":"ListItem","position":2,"name":"P\u0159\u00edpady","item":"https:\/\/llp.cz\/ferove-vysetrovani\/pripady\/"},{"@type":"ListItem","position":3,"name":"Ned\u016fstojn\u00e9 p\u0159ipout\u00e1n\u00ed v&nbsp;policejn\u00ed cele"}]},{"@type":"WebSite","@id":"https:\/\/llp.cz\/ferove-vysetrovani\/#website","url":"https:\/\/llp.cz\/ferove-vysetrovani\/","name":"F\u00e9rov\u00e9 vy\u0161et\u0159ov\u00e1n\u00ed","description":"","potentialAction":[{"@type":"SearchAction","target":{"@type":"EntryPoint","urlTemplate":"https:\/\/llp.cz\/ferove-vysetrovani\/?s={search_term_string}"},"query-input":{"@type":"PropertyValueSpecification","valueRequired":true,"valueName":"search_term_string"}}],"inLanguage":"cs"}]}},"_links":{"self":[{"href":"https:\/\/llp.cz\/ferove-vysetrovani\/wp-json\/wp\/v2\/pages\/625","targetHints":{"allow":["GET"]}}],"collection":[{"href":"https:\/\/llp.cz\/ferove-vysetrovani\/wp-json\/wp\/v2\/pages"}],"about":[{"href":"https:\/\/llp.cz\/ferove-vysetrovani\/wp-json\/wp\/v2\/types\/page"}],"author":[{"embeddable":true,"href":"https:\/\/llp.cz\/ferove-vysetrovani\/wp-json\/wp\/v2\/users\/2"}],"replies":[{"embeddable":true,"href":"https:\/\/llp.cz\/ferove-vysetrovani\/wp-json\/wp\/v2\/comments?post=625"}],"version-history":[{"count":5,"href":"https:\/\/llp.cz\/ferove-vysetrovani\/wp-json\/wp\/v2\/pages\/625\/revisions"}],"predecessor-version":[{"id":639,"href":"https:\/\/llp.cz\/ferove-vysetrovani\/wp-json\/wp\/v2\/pages\/625\/revisions\/639"}],"up":[{"embeddable":true,"href":"https:\/\/llp.cz\/ferove-vysetrovani\/wp-json\/wp\/v2\/pages\/54"}],"wp:attachment":[{"href":"https:\/\/llp.cz\/ferove-vysetrovani\/wp-json\/wp\/v2\/media?parent=625"}],"curies":[{"name":"wp","href":"https:\/\/api.w.org\/{rel}","templated":true}]}}